{"id":37,"date":"2013-09-03T18:23:14","date_gmt":"2013-09-03T16:23:14","guid":{"rendered":"http:\/\/www.sabinekoitzsch.de\/?page_id=37"},"modified":"2019-01-05T18:03:59","modified_gmt":"2019-01-05T16:03:59","slug":"profil","status":"publish","type":"page","link":"https:\/\/www.sabinekoitzsch.de\/?page_id=37","title":{"rendered":"Profil"},"content":{"rendered":"<header>\n<h1>Profil<\/h1>\n<\/header>\n<section>\n<h2>Lebenslauf<\/h2>\n<ul id=\"sublevel_enum\">\n<li>Geboren 1957 in Braunschweig<\/li>\n<li>Verheiratet seit 1978<\/li>\n<li>3 erwachsene S\u00f6hne<\/li>\n<li>6 Enkel<\/li>\n<li><strong>Seit dem 01.05.2009 selbst\u00e4ndig als Bestatterin<\/strong><\/li>\n<li><strong>Weiterbildung:<\/strong>\n<ul>\n<li>B\u00fcrokommunikations-Fachfrau<\/li>\n<li>Hygienische Grundversorgung Verstorbener<\/li>\n<\/ul>\n<\/li>\n<li><strong>Berufliche Entwicklung:<\/strong>\n<ul id=\"sublevel_enum\">\n<li>Vertriebsassistentin und Sachbearbeiterin<\/li>\n<li>Teamassistentin einer Krankengymnastikpraxis<\/li>\n<li>Pr\u00e4sentationsvertretung f\u00fcr die Firma Eberhard Faber, Neumarkt<\/li>\n<li>Erziehungsjahre<\/li>\n<li>B\u00fcrokraft des Gemeindejugendwerkes im Bund ev.freik.Gemeinden Dortmund<\/li>\n<li>Soziales Jahr des Gemeindejugendwerkes im Bund ev.freik.Gemeinden Dortmund<\/li>\n<\/ul>\n<\/li>\n<li><strong>Berufsausbildung:<\/strong>\n<ul id=\"sublevel_enum\">\n<li>Fu\u00dfreflextherapeutin in der Heilpraktikerschule, M\u00fcnchen<\/li>\n<li>Versicherungskauffrau<\/li>\n<\/ul>\n<\/li>\n<li><strong>Interessen:<\/strong><br \/>\nIn meiner Freizeit besch\u00e4ftige ich mich gerne mit:<\/p>\n<ul>\n<li>Lesen, Handarbeiten, Singen und Kochen<\/li>\n<\/ul>\n<ul id=\"sublevel_enum\">\n<li>den vielen kleinen Wundern der Natur wie Pflanzen, Kr\u00e4uter, Pilze u.s.w.<\/li>\n<li>meiner Familie und meinen Freunden denn:<br \/>\n<strong>Menschen zu Lieben hei\u00dft: Zeit f\u00fcr sie zu haben!<\/strong><\/li>\n<\/ul>\n<\/li>\n<li><strong>und sonst&#8230;<\/strong>\n<ul id=\"sublevel_enum\">\n<li>&#8230;glaube ich an das Wort Gottes und bin \u00fcberzeugte Christin<\/li>\n<\/ul>\n<\/li>\n<\/ul>\n<\/section>\n<section><\/section>\n","protected":false},"excerpt":{"rendered":"<p>Profil Lebenslauf Geboren 1957 in Braunschweig Verheiratet seit 1978 3 erwachsene S\u00f6hne 6 Enkel Seit dem 01.05.2009 selbst\u00e4ndig als Bestatterin Weiterbildung: B\u00fcrokommunikations-Fachfrau Hygienische Grundversorgung Verstorbener Berufliche Entwicklung: Vertriebsassistentin und Sachbearbeiterin Teamassistentin einer Krankengymnastikpraxis Pr\u00e4sentationsvertretung f\u00fcr die Firma Eberhard Faber, Neumarkt Erziehungsjahre B\u00fcrokraft des Gemeindejugendwerkes im Bund ev.freik.Gemeinden Dortmund Soziales Jahr des Gemeindejugendwerkes im Bund ev.freik.Gemeinden&hellip;<\/p>\n","protected":false},"author":1,"featured_media":0,"parent":102,"menu_order":1,"comment_status":"closed","ping_status":"open","template":"","meta":{"footnotes":""},"_links":{"self":[{"href":"https:\/\/www.sabinekoitzsch.de\/index.php?rest_route=\/wp\/v2\/pages\/37"}],"collection":[{"href":"https:\/\/www.sabinekoitzsch.de\/index.php?rest_route=\/wp\/v2\/pages"}],"about":[{"href":"https:\/\/www.sabinekoitzsch.de\/index.php?rest_route=\/wp\/v2\/types\/page"}],"author":[{"embeddable":true,"href":"https:\/\/www.sabinekoitzsch.de\/index.php?rest_route=\/wp\/v2\/users\/1"}],"replies":[{"embeddable":true,"href":"https:\/\/www.sabinekoitzsch.de\/index.php?rest_route=%2Fwp%2Fv2%2Fcomments&post=37"}],"version-history":[{"count":14,"href":"https:\/\/www.sabinekoitzsch.de\/index.php?rest_route=\/wp\/v2\/pages\/37\/revisions"}],"predecessor-version":[{"id":361,"href":"https:\/\/www.sabinekoitzsch.de\/index.php?rest_route=\/wp\/v2\/pages\/37\/revisions\/361"}],"up":[{"embeddable":true,"href":"https:\/\/www.sabinekoitzsch.de\/index.php?rest_route=\/wp\/v2\/pages\/102"}],"wp:attachment":[{"href":"https:\/\/www.sabinekoitzsch.de\/index.php?rest_route=%2Fwp%2Fv2%2Fmedia&parent=37"}],"curies":[{"name":"wp","href":"https:\/\/api.w.org\/{rel}","templated":true}]}}