{"id":212,"date":"2014-11-04T12:28:38","date_gmt":"2014-11-04T10:28:38","guid":{"rendered":"http:\/\/www.sabinekoitzsch.de\/?page_id=212"},"modified":"2023-03-28T11:16:23","modified_gmt":"2023-03-28T09:16:23","slug":"treuhand","status":"publish","type":"page","link":"https:\/\/www.sabinekoitzsch.de\/?page_id=212","title":{"rendered":"Treuhand"},"content":{"rendered":"<h2>Treuhand<\/h2>\n<ul id=\"toplevel_enum\">\n<li>Mit einem Treuhandkonto bestimmen Sie selbst,\u00a0wof\u00fcr und von wem\u00a0Ihr zur\u00fcckgelegtes Geld f\u00fcr die Bestattung genutzt wird. Zus\u00e4tzlich sch\u00fctzt es Ihre Angeh\u00f6rigen vor einer vermeidbaren finanziellen Belastung.<\/li>\n<li>W\u00fcnschen Sie dar\u00fcber eine pers\u00f6nliche Beratung, stehen wir Ihnen selbstverst\u00e4ndlich gerne zur Verf\u00fcgung.<\/li>\n<li>M\u00f6chten Sie sich direkt an die BT Bestattungstreuhand GmbH wenden, so ist auch dies, \u00fcber nachfolgenden Link, m\u00f6glich.<br \/>\n<a class=\"link\" href=\"http:\/\/www.bestattungstreuhand.de\/startseite.htm\n\">www.bestattungstreuhand.de <\/a><\/li>\n","protected":false},"excerpt":{"rendered":"<p>Treuhand Mit einem Treuhandkonto bestimmen Sie selbst,\u00a0wof\u00fcr und von wem\u00a0Ihr zur\u00fcckgelegtes Geld f\u00fcr die Bestattung genutzt wird. Zus\u00e4tzlich sch\u00fctzt es Ihre Angeh\u00f6rigen vor einer vermeidbaren finanziellen Belastung. W\u00fcnschen Sie dar\u00fcber eine pers\u00f6nliche Beratung, stehen wir Ihnen selbstverst\u00e4ndlich gerne zur Verf\u00fcgung. M\u00f6chten Sie sich direkt an die BT Bestattungstreuhand GmbH wenden, so ist auch dies, \u00fcber&hellip;<\/p>\n","protected":false},"author":2,"featured_media":0,"parent":26,"menu_order":3,"comment_status":"closed","ping_status":"closed","template":"","meta":{"footnotes":""},"_links":{"self":[{"href":"https:\/\/www.sabinekoitzsch.de\/index.php?rest_route=\/wp\/v2\/pages\/212"}],"collection":[{"href":"https:\/\/www.sabinekoitzsch.de\/index.php?rest_route=\/wp\/v2\/pages"}],"about":[{"href":"https:\/\/www.sabinekoitzsch.de\/index.php?rest_route=\/wp\/v2\/types\/page"}],"author":[{"embeddable":true,"href":"https:\/\/www.sabinekoitzsch.de\/index.php?rest_route=\/wp\/v2\/users\/2"}],"replies":[{"embeddable":true,"href":"https:\/\/www.sabinekoitzsch.de\/index.php?rest_route=%2Fwp%2Fv2%2Fcomments&post=212"}],"version-history":[{"count":13,"href":"https:\/\/www.sabinekoitzsch.de\/index.php?rest_route=\/wp\/v2\/pages\/212\/revisions"}],"predecessor-version":[{"id":527,"href":"https:\/\/www.sabinekoitzsch.de\/index.php?rest_route=\/wp\/v2\/pages\/212\/revisions\/527"}],"up":[{"embeddable":true,"href":"https:\/\/www.sabinekoitzsch.de\/index.php?rest_route=\/wp\/v2\/pages\/26"}],"wp:attachment":[{"href":"https:\/\/www.sabinekoitzsch.de\/index.php?rest_route=%2Fwp%2Fv2%2Fmedia&parent=212"}],"curies":[{"name":"wp","href":"https:\/\/api.w.org\/{rel}","templated":true}]}}